mon factor of w and 16?
16
Let c be (128/24 - 4)/((-2)/(-12)). Let d be (-37)/(-3) + (-1)/3. What is the highest common factor of c and d?
4
Suppose -3*u + 4*u - 91 = -3*i, 0 = 5*i + 4*u - 161. What is the highest common divisor of 29 and i?
29
Let a(j) = 21*j - 1. Let f be a(-5). Let c = f + 178. Calculate the highest common factor of 24 and c.
24
Let q(b) = 7*b**2 - 3*b + 9. Let n be q(5). Let k be (-1 - -3 - 0) + n. Calculate the highest common factor of k and 19.
19
Suppose a = -a + 36. Let z = 40 - a. Let u = -16 - -71. Calculate the greatest common divisor of z and u.
11
Let l = -4 + 6. Let f(w) = w**2 - l*w**3 - w - 2*w**2 - 1 + 0*w**3. Let t be f(-2). Calculate the highest common divisor of t and 91.
13
Let y(d) = -d + 2. Let v be y(-2). Suppose -2*j + 30 = v*o, -6*j + 2*j - 4*o + 52 = 0. Let i = -8 + j. Calculate the greatest common factor of i and 9.
3
Suppose -4*k = -3*k + 4. Let y(a) = -a**3 - 3*a**2 - 3. Let g be y(k). What is the highest common divisor of g and 13?
13
Let v(j) be the third derivative of j**5/60 + j**3/3 - j**2. Let u be v(-2). What is the highest common divisor of u and 66?
6
Let a be (-4)/(-14) + (-76)/(-28). Suppose -h + 48 = a*h. Let v(o) = -4*o. Let g be v(-3). Calculate the highest common factor of h and g.
12
Suppose -3*r - 145 = -5*z - 8*r, -z + 14 = -2*r. What is the highest common divisor of 12 and z?
12
Let j be 10/(3/(3 + 3)). What is the greatest common factor of j and 2?
2
Suppose -4*w + 0*d + 44 = -d, 0 = -5*w - d + 64. Let h(n) = -n**3 - 5*n**2 + 5*n + 6. Let k be h(-6). What is the highest common divisor of w and k?
12
Let g be -9 + (-2 - -6 - 4). Let w = g - -17. Suppose -2*k = -5*y + 356, -36 = -y + k + 34. Calculate the greatest common divisor of y and w.
8
Let t(n) be the first derivative of n**4/4 + 5*n**3/3 - 5*n**2/2 - 5*n - 7. Let y be t(-5). What is the greatest common divisor of 10 and y?
10
Let q = 4 - 5. Let v = q - -1. Suppose 3*k = 2*h - h - 7, -4*h - 3*k - 2 = v. Calculate the greatest common divisor of 1 and h.
1
Let d = 25 - 20. Suppose d = -4*h + 325. Calculate the highest common factor of h and 32.
16
Let y be (0 + 2 + -4)*-1. Let b(d) = d**3 - 5*d**2 + 2*d - 3. Let l be b(y). Let x = 16 + l. What is the greatest common divisor of x and 10?
5
Let m(z) = -3*z**3 + z**2 - 8*z + 2. Let d be m(-4). Calculate the highest common divisor of d and 22.
22
Let n(m) = -m**3 - 3*m**2 + m + 5. Let c be n(-3). Suppose -c = -q + 7. What is the greatest common divisor of q and 6?
3
Let i(r) = 2*r + 1. Let n be i(-1). Let k be 1*(1 - (n - 40)). Calculate the greatest common divisor of k and 14.
14
Suppose 0 = -15*b + 17*b - 6. Let m = 40 + -7. What is the highest common divisor of b and m?
3
Let h be (-42)/4*(1 + -3). Calculate the highest common divisor of h and 105.
21
Let m be 1023/77 + 4/(-14). What is the greatest common divisor of 13 and m?
13
Let w = 30 - 6. Calculate the greatest common divisor of 8 and w.
8
Let y(w) = w**2 + 6. Let d be y(0). Let k(p) = p**2 - 4*p - 3. Let j be k(5). Calculate the highest common factor of d and j.
2
Let u(y) = 12*y - 6. Let g(i) = 1. Let r(z) = 18*g(z) + 3*u(z). Let b be r(3). Let j be (90/5)/(3/2). Calculate the highest common factor of b and j.
12
Let t(g) = -9*g + 3. Let c be t(-3). What is the greatest common factor of c and 270?
30
Suppose 0 = 9*m - 4*m - 660. Calculate the highest common divisor of m and 12.
12
Let z be (-4)/18 + 4/18. Suppose 0 = -4*i + 3*c + 41, -3*c = 5*i - z*c - 31. Suppose -54 = -2*f - i. What is the highest common divisor of f and 69?
23
Let u = 19 - 9. Suppose 6*h - 4*m + 23 = 3*h, 5*h = -3*m + u. Let p = h - -15. What is the highest common divisor of p and 14?
14
Let p be (225/9)/(1 + 0). Calculate the highest common factor of p and 10.
5
Suppose 62 = -3*r + 200. Suppose -52 = -2*x - 262. Let l = 10 - x. Calculate the highest common divisor of r and l.
23
Let r be -7*(-4)/(-8)*-2. Let z be (2 + 5)*(2 - -1). Calculate the highest common factor of z and r.
7
Let j = 0 + -1. Let c be -5*(8 + 1)*j. Let b = c + -11. Calculate the highest common factor of 51 and b.
17
Let i(q) = q + 9. Let y be i(-9). Let o(k) = k**2 + k + 98. Let d be o(y). Suppose 0 = 4*l - 6 - 50. What is the highest common divisor of d and l?
14
Let t = 13 - 13. Suppose -g = -t - 20. What is the greatest common factor of 50 and g?
10
Suppose -3*i + 36 = -0*i. Let l = 5 + i. Suppose 3*m + 64 - 418 = -3*d, 0 = 5*m - 2*d - 597. Calculate the greatest common divisor of m and l.
17
Suppose 2*s + 6*j = 2*j + 22, -s = -3*j - 11. What is the greatest common divisor of s and 77?
11
Suppose -23*h + 3872 = 9*h. Let v be 1 - ((-1 - -1) + -10). What is the greatest common factor of h and v?
11
Let a = -17 + 19. What is the greatest common factor of 16 and a?
2
Suppose 3*g = 2*a - 3*a - 2, 10 = 2*a - g. Let r = a + 3. What is the highest common divisor of r and 42?
7
Let i(o) = 19*o**2 - 2*o - 4. Let x be i(-3). Suppose -x = -u + 187. Suppose 2*n = -n + u. Calculate the greatest common factor of 15 and n.
15
Let f(r) = -3*r - 79. Let a(n) = -n - 26. Let m(g) = -7*a(g) + 2*f(g). Let l be m(0). What is the greatest common factor of 24 and l?
24
Let y(h) = h**3 + 7*h**2 - 7*h + 8. Let c be y(-8). Suppose c = 2*k - 11 - 5. Let n = k + 16. Calculate the greatest common factor of 3 and n.
3
Let d be -3*(-3)/((-36)/(-80)). Suppose -f + 5*w = -2*f + 61, 0 = 4*w - d. What is the greatest common factor of 54 and f?
18
Let z(f) = -5 - 8*f**2 - f**3 + 0*f**2 + 18*f - 21*f. Let l be z(-8). Calculate the greatest common divisor of l and 19.
19
Let v(l) = l**3 - 6*l**2 + 2. Let f be v(6). Let x(n) = -n**3 - n**2 - n - 21. Let c be x(0). Let t = -11 - c. What is the greatest common factor of f and t?
2
Suppose r + 0*r - 7 = 0. What is the greatest common factor of 63 and r?
7
Let f(a) = -a**3 + 6*a**2 + 17*a + 3. Let y be f(6). What is the greatest common factor of 15 and y?
15
Suppose 2 - 4 = -r. Let f be 10/(-1*r)*-2. Suppose t + 0*a - 5 = -5*a, -6 = 2*a. What is the highest common divisor of t and f?
10
Let t be (49/(-21))/((-2)/6). Suppose -5*q + 18 = -5*v - t, -q = v - 11. Calculate the highest common factor of q and 64.
8
Let x = 6 + -10. Let n be (2 - 3) + 1 - x. Let w = -45 + 81. Calculate the greatest common divisor of n and w.
4
Let t(g) = -g**2 + 7*g + 2. Suppose 0 = q - 7 + 1. Let p be t(q). Suppose 7*x - 32 = 3*x. Calculate the greatest common divisor of p and x.
8
Let k(j) = j - 7. Let y be k(6). Let n be (2/4)/(y/(-48)). Let f(s) = s**3 + 2*s**2 - 4*s. Let t be f(-3). Calculate the greatest common divisor of n and t.
3
Let i(t) = -2 - 8 - t + 2 - 2. Let b be i(-14). What is the highest common factor of b and 6?
2
Let y = -41 - -65. Let k = -16 - -6. Let u = -4 - k. Calculate the highest common factor of u and y.
6
Let g be ((-11)/4)/((-1)/4). Suppose 3*u = 8*u - 55. Calculate the highest common factor of g and u.
11
Let k = 9 - 6. Suppose u - 128 = -2*t + 169, -k*t - 5*u + 456 = 0. Calculate the highest common factor of t and 21.
21
Suppose -16 = -5*o + 49. Let c = o - 9. Suppose 5 + c = 3*j. Calculate the highest common factor of j and 9.
3
Let n = 5 + -1. Suppose 21 = n*h - 4*g - 3, -g = 4. Let p be 2/h - -3*3. Calculate the greatest common divisor of 10 and p.
10
Let c(r) = r + 16. Let f be c(-11). Calculate the greatest common factor of f and 3.
1
Suppose -3*z = 2*j - 59, -2*z + 34 = 4*j + 8. Calculate the greatest common divisor of z and 92.
23
Let x be (18 + -14)/((-42)/44 - -1). What is the highest common divisor of 11 and x?
11
Let z be (-102)/(-3) - (-18)/6. Let d = z - -12. What is the greatest common divisor of 7 and d?
7
Let f be -2 + 30 + (2 - 0). What is the greatest common factor of 135 and f?
15
Let s be 0 - 138 - 2/2. Let k = s - -256. Let q be 2/6 + (-38)/(-3). What is the highest common divisor of k and q?
13
Suppose 4*k = k + 231. Calculate the highest common divisor of 11 and k.
11
Let t(u) = u + 4. Let o be t(-3). Let p(x) = -x**2 - 4*x - 2. Let l be p(-3). Let j be o*(1 - -2*l). Calculate the highest common divisor of 1 and j.
1
Let t = 15 + 1. Let n be (-2)/(5/((-60)/8)). Suppose 3*y = -b + 25, 4*y - 3*y + n*b = 11. What is the greatest common factor of t and y?
8
Let j = -31 - -49. Calculate the greatest common factor of 9 and j.
9
Suppose -3*